{"id":5860,"date":"2022-09-23T08:13:35","date_gmt":"2022-09-23T08:13:35","guid":{"rendered":"https:\/\/ciplaci.com\/web\/?page_id=5860"},"modified":"2022-09-26T19:41:17","modified_gmt":"2022-09-26T19:41:17","slug":"dr-aniceto-rodriguez","status":"publish","type":"page","link":"https:\/\/ciplaci.com\/web\/dr-aniceto-rodriguez\/","title":{"rendered":"Dr. Aniceto Rodr\u00edguez"},"content":{"rendered":"\t\t<div data-elementor-type=\"wp-page\" data-elementor-id=\"5860\" class=\"elementor elementor-5860\">\n\t\t\t\t\t\t<section class=\"elementor-section elementor-top-section elementor-element elementor-element-5926690b elementor-section-full_width elementor-section-height-min-height elementor-section-stretched elementor-section-height-default elementor-section-items-middle\" data-id=\"5926690b\" data-element_type=\"section\" data-settings=\"{&quot;stretch_section&quot;:&quot;section-stretched&quot;,&quot;background_background&quot;:&quot;classic&quot;}\">\n\t\t\t\t\t\t<div class=\"elementor-container elementor-column-gap-default\">\n\t\t\t\t\t<div class=\"elementor-column elementor-col-100 elementor-top-column elementor-element elementor-element-3b397174\" data-id=\"3b397174\" data-element_type=\"column\">\n\t\t\t<div class=\"elementor-widget-wrap elementor-element-populated\">\n\t\t\t\t\t\t<div class=\"elementor-element elementor-element-5a32223e elementor-widget elementor-widget-heading\" data-id=\"5a32223e\" data-element_type=\"widget\" data-widget_type=\"heading.default\">\n\t\t\t\t<div class=\"elementor-widget-container\">\n\t\t\t<h2 class=\"elementor-heading-title elementor-size-default\">Especialista<\/h2>\t\t<\/div>\n\t\t\t\t<\/div>\n\t\t\t\t\t<\/div>\n\t\t<\/div>\n\t\t\t\t\t<\/div>\n\t\t<\/section>\n\t\t\t\t<section class=\"elementor-section elementor-top-section elementor-element elementor-element-889e9c5 elementor-section-boxed elementor-section-height-default elementor-section-height-default\" data-id=\"889e9c5\" data-element_type=\"section\">\n\t\t\t\t\t\t<div class=\"elementor-container elementor-column-gap-default\">\n\t\t\t\t\t<div class=\"elementor-column elementor-col-50 elementor-top-column elementor-element elementor-element-b89bd5c\" data-id=\"b89bd5c\" data-element_type=\"column\">\n\t\t\t<div class=\"elementor-widget-wrap elementor-element-populated\">\n\t\t\t\t\t\t<div class=\"elementor-element elementor-element-5b49ea1 elementor-widget elementor-widget-image\" data-id=\"5b49ea1\" data-element_type=\"widget\" data-widget_type=\"image.default\">\n\t\t\t\t<div class=\"elementor-widget-container\">\n\t\t\t\t\t\t\t\t\t\t\t\t\t<img fetchpriority=\"high\" width=\"315\" height=\"315\" src=\"https:\/\/ciplaci.com\/web\/wp-content\/uploads\/2022\/09\/Aniceto--315x315.png\" class=\"attachment-medilink-size315 size-medilink-size315 wp-image-5862\" alt=\"\" srcset=\"https:\/\/ciplaci.com\/web\/wp-content\/uploads\/2022\/09\/Aniceto--315x315.png 315w, https:\/\/ciplaci.com\/web\/wp-content\/uploads\/2022\/09\/Aniceto--300x300.png 300w, https:\/\/ciplaci.com\/web\/wp-content\/uploads\/2022\/09\/Aniceto--150x150.png 150w, https:\/\/ciplaci.com\/web\/wp-content\/uploads\/2022\/09\/Aniceto--230x230.png 230w, https:\/\/ciplaci.com\/web\/wp-content\/uploads\/2022\/09\/Aniceto--70x70.png 70w, https:\/\/ciplaci.com\/web\/wp-content\/uploads\/2022\/09\/Aniceto-.png 600w\" sizes=\"(max-width: 315px) 100vw, 315px\" \/>\t\t\t\t\t\t\t\t\t\t\t\t\t<\/div>\n\t\t\t\t<\/div>\n\t\t\t\t<div class=\"elementor-element elementor-element-ced7249 elementor-widget elementor-widget-heading\" data-id=\"ced7249\" data-element_type=\"widget\" data-widget_type=\"heading.default\">\n\t\t\t\t<div class=\"elementor-widget-container\">\n\t\t\t<h2 class=\"elementor-heading-title elementor-size-default\">Dr. Aniceto Rodr\u00edguez<\/h2>\t\t<\/div>\n\t\t\t\t<\/div>\n\t\t\t\t<div class=\"elementor-element elementor-element-13bc7bd elementor-widget elementor-widget-text-editor\" data-id=\"13bc7bd\" data-element_type=\"widget\" data-widget_type=\"text-editor.default\">\n\t\t\t\t<div class=\"elementor-widget-container\">\n\t\t\t\t\t\t\t<p style=\"text-align: center;\"><span style=\"font-weight: 400; color: #000000;\">M\u00e9dico especialista en cirug\u00eda pl\u00e1stica, est\u00e9tica y reconstructiva.<\/span><\/p>\t\t\t\t\t\t<\/div>\n\t\t\t\t<\/div>\n\t\t\t\t\t<\/div>\n\t\t<\/div>\n\t\t\t\t<div class=\"elementor-column elementor-col-50 elementor-top-column elementor-element elementor-element-6df5df6\" data-id=\"6df5df6\" data-element_type=\"column\">\n\t\t\t<div class=\"elementor-widget-wrap elementor-element-populated\">\n\t\t\t\t\t\t<div class=\"elementor-element elementor-element-4a5fbe0 elementor-widget elementor-widget-text-editor\" data-id=\"4a5fbe0\" data-element_type=\"widget\" data-widget_type=\"text-editor.default\">\n\t\t\t\t<div class=\"elementor-widget-container\">\n\t\t\t\t\t\t\t<p><span style=\"color: #000000;\"><span style=\"font-weight: 400;\">El Dr. Rodr\u00edguez Delgado, dirigi\u00f3 el Departamento de Cirug\u00eda Pl\u00e1stica del Hospital Quir\u00fargico y Traumatol\u00f3gico \u201cProfesor Juan Bosch\u201d desde el a\u00f1o 2006 al 2012. Es Miembro Activo del Colegio M\u00e9dico Dominicano (CMD), del Colegio Dominicano de Cirujanos (CDC), Ex Presidente de la Sociedad Dominicana de Cirug\u00eda Pl\u00e1stica, Reconstructiva y Est\u00e9tica (SODOCIPRE).<\/span><span style=\"font-weight: 400;\"><br \/><\/span><span style=\"font-weight: 400;\"><br \/><\/span><span style=\"font-weight: 400;\">Miembro de la Federaci\u00f3n Iberolatinoamericana de Cirug\u00eda Pl\u00e1stica (FILACP), Director de Su Cap\u00edtulo de \u00c9tica durante el Periodo 206-2018. Miembro de la International Confederation of Plastic Surgery Societies (ICOPLAST). Forma parte del cuerpo de Profesores de la Facultad de Ciencias de la Salud de la Universidad Cat\u00f3lica Nordestana.<\/span><\/span><\/p>\t\t\t\t\t\t<\/div>\n\t\t\t\t<\/div>\n\t\t\t\t<div class=\"elementor-element elementor-element-65fe7e9 elementor-widget elementor-widget-video\" data-id=\"65fe7e9\" data-element_type=\"widget\" data-settings=\"{&quot;video_type&quot;:&quot;hosted&quot;,&quot;controls&quot;:&quot;yes&quot;}\" data-widget_type=\"video.default\">\n\t\t\t\t<div class=\"elementor-widget-container\">\n\t\t\t\t\t<div class=\"e-hosted-video elementor-wrapper elementor-open-inline\">\n\t\t\t\t\t<video class=\"elementor-video\" src=\"https:\/\/ciplaci.com\/web\/wp-content\/uploads\/2022\/09\/Dr.-Aniceto-De-Js.-Rodriguez-Delgado.m4v\" controls=\"\" preload=\"metadata\" controlsList=\"nodownload\"><\/video>\n\t\t\t\t<\/div>\n\t\t\t\t<\/div>\n\t\t\t\t<\/div>\n\t\t\t\t\t<\/div>\n\t\t<\/div>\n\t\t\t\t\t<\/div>\n\t\t<\/section>\n\t\t\t\t<\/div>\n\t\t","protected":false},"excerpt":{"rendered":"<p>Especialista Dr. Aniceto Rodr\u00edguez M\u00e9dico especialista en cirug\u00eda pl\u00e1stica, est\u00e9tica y reconstructiva. El Dr. Rodr\u00edguez Delgado, dirigi\u00f3 el Departamento de Cirug\u00eda Pl\u00e1stica del Hospital Quir\u00fargico y Traumatol\u00f3gico \u201cProfesor Juan Bosch\u201d desde el a\u00f1o 2006 al 2012. Es Miembro Activo del Colegio M\u00e9dico Dominicano (CMD), del Colegio Dominicano de Cirujanos (CDC), Ex Presidente de la Sociedad&#8230;<\/p>\n","protected":false},"author":1,"featured_media":0,"parent":0,"menu_order":0,"comment_status":"closed","ping_status":"closed","template":"elementor_header_footer","meta":[],"_links":{"self":[{"href":"https:\/\/ciplaci.com\/web\/wp-json\/wp\/v2\/pages\/5860"}],"collection":[{"href":"https:\/\/ciplaci.com\/web\/wp-json\/wp\/v2\/pages"}],"about":[{"href":"https:\/\/ciplaci.com\/web\/wp-json\/wp\/v2\/types\/page"}],"author":[{"embeddable":true,"href":"https:\/\/ciplaci.com\/web\/wp-json\/wp\/v2\/users\/1"}],"replies":[{"embeddable":true,"href":"https:\/\/ciplaci.com\/web\/wp-json\/wp\/v2\/comments?post=5860"}],"version-history":[{"count":4,"href":"https:\/\/ciplaci.com\/web\/wp-json\/wp\/v2\/pages\/5860\/revisions"}],"predecessor-version":[{"id":6060,"href":"https:\/\/ciplaci.com\/web\/wp-json\/wp\/v2\/pages\/5860\/revisions\/6060"}],"wp:attachment":[{"href":"https:\/\/ciplaci.com\/web\/wp-json\/wp\/v2\/media?parent=5860"}],"curies":[{"name":"wp","href":"https:\/\/api.w.org\/{rel}","templated":true}]}}