{"id":5875,"date":"2022-09-23T08:26:37","date_gmt":"2022-09-23T08:26:37","guid":{"rendered":"https:\/\/ciplaci.com\/web\/?page_id=5875"},"modified":"2022-09-26T19:50:39","modified_gmt":"2022-09-26T19:50:39","slug":"dr-cesar-tejeda","status":"publish","type":"page","link":"https:\/\/ciplaci.com\/web\/dr-cesar-tejeda\/","title":{"rendered":"Dr. C\u00e9sar Tejeda"},"content":{"rendered":"\t\t<div data-elementor-type=\"wp-page\" data-elementor-id=\"5875\" class=\"elementor elementor-5875\">\n\t\t\t\t\t\t<section class=\"elementor-section elementor-top-section elementor-element elementor-element-38cd7a7f elementor-section-full_width elementor-section-height-min-height elementor-section-stretched elementor-section-height-default elementor-section-items-middle\" data-id=\"38cd7a7f\" data-element_type=\"section\" data-settings=\"{&quot;stretch_section&quot;:&quot;section-stretched&quot;,&quot;background_background&quot;:&quot;classic&quot;}\">\n\t\t\t\t\t\t<div class=\"elementor-container elementor-column-gap-default\">\n\t\t\t\t\t<div class=\"elementor-column elementor-col-100 elementor-top-column elementor-element elementor-element-2fdb76ac\" data-id=\"2fdb76ac\" data-element_type=\"column\">\n\t\t\t<div class=\"elementor-widget-wrap elementor-element-populated\">\n\t\t\t\t\t\t<div class=\"elementor-element elementor-element-571cc7e3 elementor-widget elementor-widget-heading\" data-id=\"571cc7e3\" data-element_type=\"widget\" data-widget_type=\"heading.default\">\n\t\t\t\t<div class=\"elementor-widget-container\">\n\t\t\t<h2 class=\"elementor-heading-title elementor-size-default\">Especialista<\/h2>\t\t<\/div>\n\t\t\t\t<\/div>\n\t\t\t\t\t<\/div>\n\t\t<\/div>\n\t\t\t\t\t<\/div>\n\t\t<\/section>\n\t\t\t\t<section class=\"elementor-section elementor-top-section elementor-element elementor-element-6b32457 elementor-section-boxed elementor-section-height-default elementor-section-height-default\" data-id=\"6b32457\" data-element_type=\"section\">\n\t\t\t\t\t\t<div class=\"elementor-container elementor-column-gap-default\">\n\t\t\t\t\t<div class=\"elementor-column elementor-col-50 elementor-top-column elementor-element elementor-element-d33a197\" data-id=\"d33a197\" data-element_type=\"column\">\n\t\t\t<div class=\"elementor-widget-wrap elementor-element-populated\">\n\t\t\t\t\t\t<div class=\"elementor-element elementor-element-a7b3cce elementor-widget elementor-widget-image\" data-id=\"a7b3cce\" data-element_type=\"widget\" data-widget_type=\"image.default\">\n\t\t\t\t<div class=\"elementor-widget-container\">\n\t\t\t\t\t\t\t\t\t\t\t\t\t<img fetchpriority=\"high\" width=\"315\" height=\"315\" src=\"https:\/\/ciplaci.com\/web\/wp-content\/uploads\/2022\/09\/Cesar-Tejeda--315x315.png\" class=\"attachment-medilink-size315 size-medilink-size315 wp-image-5876\" alt=\"\" srcset=\"https:\/\/ciplaci.com\/web\/wp-content\/uploads\/2022\/09\/Cesar-Tejeda--315x315.png 315w, https:\/\/ciplaci.com\/web\/wp-content\/uploads\/2022\/09\/Cesar-Tejeda--300x300.png 300w, https:\/\/ciplaci.com\/web\/wp-content\/uploads\/2022\/09\/Cesar-Tejeda--150x150.png 150w, https:\/\/ciplaci.com\/web\/wp-content\/uploads\/2022\/09\/Cesar-Tejeda--230x230.png 230w, https:\/\/ciplaci.com\/web\/wp-content\/uploads\/2022\/09\/Cesar-Tejeda--70x70.png 70w, https:\/\/ciplaci.com\/web\/wp-content\/uploads\/2022\/09\/Cesar-Tejeda-.png 600w\" sizes=\"(max-width: 315px) 100vw, 315px\" \/>\t\t\t\t\t\t\t\t\t\t\t\t\t<\/div>\n\t\t\t\t<\/div>\n\t\t\t\t<div class=\"elementor-element elementor-element-5254007 elementor-widget elementor-widget-heading\" data-id=\"5254007\" data-element_type=\"widget\" data-widget_type=\"heading.default\">\n\t\t\t\t<div class=\"elementor-widget-container\">\n\t\t\t<h2 class=\"elementor-heading-title elementor-size-default\">Dr. C\u00e9sar Tejeda <\/h2>\t\t<\/div>\n\t\t\t\t<\/div>\n\t\t\t\t<div class=\"elementor-element elementor-element-81a1530 elementor-widget elementor-widget-text-editor\" data-id=\"81a1530\" data-element_type=\"widget\" data-widget_type=\"text-editor.default\">\n\t\t\t\t<div class=\"elementor-widget-container\">\n\t\t\t\t\t\t\t<p style=\"text-align: center;\"><span style=\"font-weight: 400; color: #000000;\">M\u00e9dico especialista en anestesiolog\u00eda.<\/span><\/p>\t\t\t\t\t\t<\/div>\n\t\t\t\t<\/div>\n\t\t\t\t\t<\/div>\n\t\t<\/div>\n\t\t\t\t<div class=\"elementor-column elementor-col-50 elementor-top-column elementor-element elementor-element-ce7bce0\" data-id=\"ce7bce0\" data-element_type=\"column\">\n\t\t\t<div class=\"elementor-widget-wrap elementor-element-populated\">\n\t\t\t\t\t\t<div class=\"elementor-element elementor-element-73f38ef elementor-widget elementor-widget-text-editor\" data-id=\"73f38ef\" data-element_type=\"widget\" data-widget_type=\"text-editor.default\">\n\t\t\t\t<div class=\"elementor-widget-container\">\n\t\t\t\t\t\t\t<p><span style=\"color: #000000;\"><span style=\"font-weight: 400;\">Fue profesor en el departamento de ciencias morfol\u00f3gicas de la Universidad Aut\u00f3noma de Santo Domingo. Tambi\u00e9n fue Directivo de la Sociedad Dominicana de Anestesiolog\u00eda. Desde siempre elabora en importantes centros de salud en Santo Domingo.<\/span><span style=\"font-weight: 400;\"><br \/><\/span><span style=\"font-weight: 400;\"><br \/><\/span><span style=\"font-weight: 400;\">Lleva 11 a\u00f1os ejerciendo su especialidad en nuestro centro CIPLACI. Al igual que todos nuestros profesionales de la salud, se mantiene a la vanguardia de su especialidad, activo con cursos y seminarios del \u00e1rea.<\/span><\/span><\/p>\t\t\t\t\t\t<\/div>\n\t\t\t\t<\/div>\n\t\t\t\t<div class=\"elementor-element elementor-element-c286a86 elementor-widget elementor-widget-video\" data-id=\"c286a86\" data-element_type=\"widget\" data-settings=\"{&quot;video_type&quot;:&quot;hosted&quot;,&quot;controls&quot;:&quot;yes&quot;}\" data-widget_type=\"video.default\">\n\t\t\t\t<div class=\"elementor-widget-container\">\n\t\t\t\t\t<div class=\"e-hosted-video elementor-wrapper elementor-open-inline\">\n\t\t\t\t\t<video class=\"elementor-video\" src=\"https:\/\/ciplaci.com\/web\/wp-content\/uploads\/2022\/09\/Dr.-Cesar-Tejeda.m4v\" controls=\"\" preload=\"metadata\" controlsList=\"nodownload\"><\/video>\n\t\t\t\t<\/div>\n\t\t\t\t<\/div>\n\t\t\t\t<\/div>\n\t\t\t\t\t<\/div>\n\t\t<\/div>\n\t\t\t\t\t<\/div>\n\t\t<\/section>\n\t\t\t\t<\/div>\n\t\t","protected":false},"excerpt":{"rendered":"<p>Especialista Dr. C\u00e9sar Tejeda M\u00e9dico especialista en anestesiolog\u00eda. Fue profesor en el departamento de ciencias morfol\u00f3gicas de la Universidad Aut\u00f3noma de Santo Domingo. Tambi\u00e9n fue Directivo de la Sociedad Dominicana de Anestesiolog\u00eda. Desde siempre elabora en importantes centros de salud en Santo Domingo. Lleva 11 a\u00f1os ejerciendo su especialidad en nuestro centro CIPLACI. Al igual&#8230;<\/p>\n","protected":false},"author":1,"featured_media":0,"parent":0,"menu_order":0,"comment_status":"closed","ping_status":"closed","template":"elementor_header_footer","meta":[],"_links":{"self":[{"href":"https:\/\/ciplaci.com\/web\/wp-json\/wp\/v2\/pages\/5875"}],"collection":[{"href":"https:\/\/ciplaci.com\/web\/wp-json\/wp\/v2\/pages"}],"about":[{"href":"https:\/\/ciplaci.com\/web\/wp-json\/wp\/v2\/types\/page"}],"author":[{"embeddable":true,"href":"https:\/\/ciplaci.com\/web\/wp-json\/wp\/v2\/users\/1"}],"replies":[{"embeddable":true,"href":"https:\/\/ciplaci.com\/web\/wp-json\/wp\/v2\/comments?post=5875"}],"version-history":[{"count":4,"href":"https:\/\/ciplaci.com\/web\/wp-json\/wp\/v2\/pages\/5875\/revisions"}],"predecessor-version":[{"id":6065,"href":"https:\/\/ciplaci.com\/web\/wp-json\/wp\/v2\/pages\/5875\/revisions\/6065"}],"wp:attachment":[{"href":"https:\/\/ciplaci.com\/web\/wp-json\/wp\/v2\/media?parent=5875"}],"curies":[{"name":"wp","href":"https:\/\/api.w.org\/{rel}","templated":true}]}}

Dr. César Tejeda

<div data-elementor-type="wp-page" data-elementor-id="5875" class="elementor elementor-5875">
						<section class="elementor-section elementor-top-section elementor-element elementor-element-38cd7a7f elementor-section-full_width elementor-section-height-min-height elementor-section-stretched elementor-section-height-default elementor-section-items-middle" data-id="38cd7a7f" data-element_type="section" data-settings="{&quot;stretch_section&quot;:&quot;section-stretched&quot;,&quot;background_background&quot;:&quot;classic&quot;}">
						<div class="elementor-container elementor-column-gap-default">
					<div class="elementor-column elementor-col-100 elementor-top-column elementor-element elementor-element-2fdb76ac" data-id="2fdb76ac" data-element_type="column">
			<div class="elementor-widget-wrap elementor-element-populated">
						<div class="elementor-element elementor-element-571cc7e3 elementor-widget elementor-widget-heading" data-id="571cc7e3" data-element_type="widget" data-widget_type="heading.default">
				<div class="elementor-widget-container">
			<h2 class="elementor-heading-title elementor-size-default">Especialista</h2>		</div>
				</div>
					</div>
		</div>
					</div>
		</section>
				<section class="elementor-section elementor-top-section elementor-element elementor-element-6b32457 elementor-section-boxed elementor-section-height-default elementor-section-height-default" data-id="6b32457" data-element_type="section">
						<div class="elementor-container elementor-column-gap-default">
					<div class="elementor-column elementor-col-50 elementor-top-column elementor-element elementor-element-d33a197" data-id="d33a197" data-element_type="column">
			<div class="elementor-widget-wrap elementor-element-populated">
						<div class="elementor-element elementor-element-a7b3cce elementor-widget elementor-widget-image" data-id="a7b3cce" data-element_type="widget" data-widget_type="image.default">
				<div class="elementor-widget-container">
													<img fetchpriority="high" width="315" height="315" src="https://ciplaci.com/web/wp-content/uploads/2022/09/Cesar-Tejeda--315x315.png" class="attachment-medilink-size315 size-medilink-size315 wp-image-5876" alt="" srcset="https://ciplaci.com/web/wp-content/uploads/2022/09/Cesar-Tejeda--315x315.png 315w, https://ciplaci.com/web/wp-content/uploads/2022/09/Cesar-Tejeda--300x300.png 300w, https://ciplaci.com/web/wp-content/uploads/2022/09/Cesar-Tejeda--150x150.png 150w, https://ciplaci.com/web/wp-content/uploads/2022/09/Cesar-Tejeda--230x230.png 230w, https://ciplaci.com/web/wp-content/uploads/2022/09/Cesar-Tejeda--70x70.png 70w, https://ciplaci.com/web/wp-content/uploads/2022/09/Cesar-Tejeda-.png 600w" sizes="(max-width: 315px) 100vw, 315px" />													</div>
				</div>
				<div class="elementor-element elementor-element-5254007 elementor-widget elementor-widget-heading" data-id="5254007" data-element_type="widget" data-widget_type="heading.default">
				<div class="elementor-widget-container">
			<h2 class="elementor-heading-title elementor-size-default">Dr. César Tejeda </h2>		</div>
				</div>
				<div class="elementor-element elementor-element-81a1530 elementor-widget elementor-widget-text-editor" data-id="81a1530" data-element_type="widget" data-widget_type="text-editor.default">
				<div class="elementor-widget-container">
							<p style="text-align: center;"><span style="font-weight: 400; color: #000000;">Médico especialista en anestesiología.</span></p>						</div>
				</div>
					</div>
		</div>
				<div class="elementor-column elementor-col-50 elementor-top-column elementor-element elementor-element-ce7bce0" data-id="ce7bce0" data-element_type="column">
			<div class="elementor-widget-wrap elementor-element-populated">
						<div class="elementor-element elementor-element-73f38ef elementor-widget elementor-widget-text-editor" data-id="73f38ef" data-element_type="widget" data-widget_type="text-editor.default">
				<div class="elementor-widget-container">
							<p><span style="color: #000000;"><span style="font-weight: 400;">Fue profesor en el departamento de ciencias morfológicas de la Universidad Autónoma de Santo Domingo. También fue Directivo de la Sociedad Dominicana de Anestesiología. Desde siempre elabora en importantes centros de salud en Santo Domingo.</span><span style="font-weight: 400;"><br /></span><span style="font-weight: 400;"><br /></span><span style="font-weight: 400;">Lleva 11 años ejerciendo su especialidad en nuestro centro CIPLACI. Al igual que todos nuestros profesionales de la salud, se mantiene a la vanguardia de su especialidad, activo con cursos y seminarios del área.</span></span></p>						</div>
				</div>
				<div class="elementor-element elementor-element-c286a86 elementor-widget elementor-widget-video" data-id="c286a86" data-element_type="widget" data-settings="{&quot;video_type&quot;:&quot;hosted&quot;,&quot;controls&quot;:&quot;yes&quot;}" data-widget_type="video.default">
				<div class="elementor-widget-container">
					<div class="e-hosted-video elementor-wrapper elementor-open-inline">
					<video class="elementor-video" src="https://ciplaci.com/web/wp-content/uploads/2022/09/Dr.-Cesar-Tejeda.m4v" controls="" preload="metadata" controlsList="nodownload"></video>
				</div>
				</div>
				</div>
					</div>
		</div>
					</div>
		</section>
				</div>

<p>Especialista Dr. César Tejeda Médico especialista en anestesiología. Fue profesor en el departamento de ciencias morfológicas de la Universidad Autónoma de Santo Domingo. También fue Directivo de la Sociedad Dominicana de Anestesiología. Desde siempre elabora en importantes centros de salud en Santo Domingo. Lleva 11 años ejerciendo su especialidad en nuestro centro CIPLACI. Al igual&#8230;</p>
