{"id":5894,"date":"2022-09-23T08:48:41","date_gmt":"2022-09-23T08:48:41","guid":{"rendered":"https:\/\/ciplaci.com\/web\/?page_id=5894"},"modified":"2022-09-26T19:56:19","modified_gmt":"2022-09-26T19:56:19","slug":"dr-jorge-amarante","status":"publish","type":"page","link":"https:\/\/ciplaci.com\/web\/dr-jorge-amarante\/","title":{"rendered":"Dr. Jorge Amarante"},"content":{"rendered":"\t\t<div data-elementor-type=\"wp-page\" data-elementor-id=\"5894\" class=\"elementor elementor-5894\">\n\t\t\t\t\t\t<section class=\"elementor-section elementor-top-section elementor-element elementor-element-2509a9a7 elementor-section-full_width elementor-section-height-min-height elementor-section-stretched elementor-section-height-default elementor-section-items-middle\" data-id=\"2509a9a7\" data-element_type=\"section\" data-settings=\"{&quot;stretch_section&quot;:&quot;section-stretched&quot;,&quot;background_background&quot;:&quot;classic&quot;}\">\n\t\t\t\t\t\t<div class=\"elementor-container elementor-column-gap-default\">\n\t\t\t\t\t<div class=\"elementor-column elementor-col-100 elementor-top-column elementor-element elementor-element-6c7c5878\" data-id=\"6c7c5878\" data-element_type=\"column\">\n\t\t\t<div class=\"elementor-widget-wrap elementor-element-populated\">\n\t\t\t\t\t\t<div class=\"elementor-element elementor-element-58f92925 elementor-widget elementor-widget-heading\" data-id=\"58f92925\" data-element_type=\"widget\" data-widget_type=\"heading.default\">\n\t\t\t\t<div class=\"elementor-widget-container\">\n\t\t\t<h2 class=\"elementor-heading-title elementor-size-default\">Especialista<\/h2>\t\t<\/div>\n\t\t\t\t<\/div>\n\t\t\t\t\t<\/div>\n\t\t<\/div>\n\t\t\t\t\t<\/div>\n\t\t<\/section>\n\t\t\t\t<section class=\"elementor-section elementor-top-section elementor-element elementor-element-f427e4d elementor-section-boxed elementor-section-height-default elementor-section-height-default\" data-id=\"f427e4d\" data-element_type=\"section\">\n\t\t\t\t\t\t<div class=\"elementor-container elementor-column-gap-default\">\n\t\t\t\t\t<div class=\"elementor-column elementor-col-50 elementor-top-column elementor-element elementor-element-429071a\" data-id=\"429071a\" data-element_type=\"column\">\n\t\t\t<div class=\"elementor-widget-wrap elementor-element-populated\">\n\t\t\t\t\t\t<div class=\"elementor-element elementor-element-0171e26 elementor-widget elementor-widget-image\" data-id=\"0171e26\" data-element_type=\"widget\" data-widget_type=\"image.default\">\n\t\t\t\t<div class=\"elementor-widget-container\">\n\t\t\t\t\t\t\t\t\t\t\t\t\t<img fetchpriority=\"high\" width=\"315\" height=\"315\" src=\"https:\/\/ciplaci.com\/web\/wp-content\/uploads\/2022\/09\/Jorge-315x315.png\" class=\"attachment-medilink-size315 size-medilink-size315 wp-image-5900\" alt=\"\" srcset=\"https:\/\/ciplaci.com\/web\/wp-content\/uploads\/2022\/09\/Jorge-315x315.png 315w, https:\/\/ciplaci.com\/web\/wp-content\/uploads\/2022\/09\/Jorge-300x300.png 300w, https:\/\/ciplaci.com\/web\/wp-content\/uploads\/2022\/09\/Jorge-150x150.png 150w, https:\/\/ciplaci.com\/web\/wp-content\/uploads\/2022\/09\/Jorge-230x230.png 230w, https:\/\/ciplaci.com\/web\/wp-content\/uploads\/2022\/09\/Jorge-70x70.png 70w, https:\/\/ciplaci.com\/web\/wp-content\/uploads\/2022\/09\/Jorge.png 600w\" sizes=\"(max-width: 315px) 100vw, 315px\" \/>\t\t\t\t\t\t\t\t\t\t\t\t\t<\/div>\n\t\t\t\t<\/div>\n\t\t\t\t<div class=\"elementor-element elementor-element-6de56ab elementor-widget elementor-widget-heading\" data-id=\"6de56ab\" data-element_type=\"widget\" data-widget_type=\"heading.default\">\n\t\t\t\t<div class=\"elementor-widget-container\">\n\t\t\t<h2 class=\"elementor-heading-title elementor-size-default\">Dr. Jorge Amarante<\/h2>\t\t<\/div>\n\t\t\t\t<\/div>\n\t\t\t\t<div class=\"elementor-element elementor-element-cbf7b6d elementor-widget elementor-widget-text-editor\" data-id=\"cbf7b6d\" data-element_type=\"widget\" data-widget_type=\"text-editor.default\">\n\t\t\t\t<div class=\"elementor-widget-container\">\n\t\t\t\t\t\t\t<p style=\"text-align: center;\"><span style=\"font-weight: 400; color: #000000;\">M\u00e9dico nutri\u00f3logo cl\u00ednico<\/span><\/p>\t\t\t\t\t\t<\/div>\n\t\t\t\t<\/div>\n\t\t\t\t\t<\/div>\n\t\t<\/div>\n\t\t\t\t<div class=\"elementor-column elementor-col-50 elementor-top-column elementor-element elementor-element-dbf7476\" data-id=\"dbf7476\" data-element_type=\"column\">\n\t\t\t<div class=\"elementor-widget-wrap elementor-element-populated\">\n\t\t\t\t\t\t<div class=\"elementor-element elementor-element-97950d5 elementor-widget elementor-widget-text-editor\" data-id=\"97950d5\" data-element_type=\"widget\" data-widget_type=\"text-editor.default\">\n\t\t\t\t<div class=\"elementor-widget-container\">\n\t\t\t\t\t\t\t<p><span style=\"color: #000000;\"><span style=\"font-weight: 400;\">Pionero en la nutrici\u00f3n cl\u00ednica y hospitalaria. Es catedr\u00e1tico de la Universidad Cat\u00f3lica Nordestana y la UASD.<\/span><span style=\"font-weight: 400;\"><br \/><\/span><span style=\"font-weight: 400;\"><br \/><\/span><span style=\"font-weight: 400;\">Curs\u00f3 la sub-especialidad de Obesolog\u00eda y diet\u00e9tica. Se ha desempe\u00f1ado en el \u00e1rea de la gerencia, ha desempe\u00f1ado funciones en la administraci\u00f3n de la salud p\u00fablica y ha sido consultor de organismos internacionales en el \u00e1rea.<\/span><span style=\"font-weight: 400;\"><br \/><\/span><span style=\"font-weight: 400;\"><br \/><\/span><span style=\"font-weight: 400;\">Es actualmente gerente del centro especializado en salud mental: SERENIDAD SRL. Actualmente es jefe del departamento de nutrici\u00f3n del hospital docente universitario San Vicente de Paul, en San Francisco de Macor\u00eds. Miembro del Colegio m\u00e9dico dominicano y de la sociedad dominicana de nutrici\u00f3n cl\u00ednica y obesologia.<\/span><\/span><\/p>\t\t\t\t\t\t<\/div>\n\t\t\t\t<\/div>\n\t\t\t\t\t<\/div>\n\t\t<\/div>\n\t\t\t\t\t<\/div>\n\t\t<\/section>\n\t\t\t\t<\/div>\n\t\t","protected":false},"excerpt":{"rendered":"<p>Especialista Dr. Jorge Amarante M\u00e9dico nutri\u00f3logo cl\u00ednico Pionero en la nutrici\u00f3n cl\u00ednica y hospitalaria. Es catedr\u00e1tico de la Universidad Cat\u00f3lica Nordestana y la UASD. Curs\u00f3 la sub-especialidad de Obesolog\u00eda y diet\u00e9tica. Se ha desempe\u00f1ado en el \u00e1rea de la gerencia, ha desempe\u00f1ado funciones en la administraci\u00f3n de la salud p\u00fablica y ha sido consultor de&#8230;<\/p>\n","protected":false},"author":1,"featured_media":0,"parent":0,"menu_order":0,"comment_status":"closed","ping_status":"closed","template":"elementor_header_footer","meta":[],"_links":{"self":[{"href":"https:\/\/ciplaci.com\/web\/wp-json\/wp\/v2\/pages\/5894"}],"collection":[{"href":"https:\/\/ciplaci.com\/web\/wp-json\/wp\/v2\/pages"}],"about":[{"href":"https:\/\/ciplaci.com\/web\/wp-json\/wp\/v2\/types\/page"}],"author":[{"embeddable":true,"href":"https:\/\/ciplaci.com\/web\/wp-json\/wp\/v2\/users\/1"}],"replies":[{"embeddable":true,"href":"https:\/\/ciplaci.com\/web\/wp-json\/wp\/v2\/comments?post=5894"}],"version-history":[{"count":4,"href":"https:\/\/ciplaci.com\/web\/wp-json\/wp\/v2\/pages\/5894\/revisions"}],"predecessor-version":[{"id":6075,"href":"https:\/\/ciplaci.com\/web\/wp-json\/wp\/v2\/pages\/5894\/revisions\/6075"}],"wp:attachment":[{"href":"https:\/\/ciplaci.com\/web\/wp-json\/wp\/v2\/media?parent=5894"}],"curies":[{"name":"wp","href":"https:\/\/api.w.org\/{rel}","templated":true}]}}

<div data-elementor-type="wp-page" data-elementor-id="5894" class="elementor elementor-5894">
						<section class="elementor-section elementor-top-section elementor-element elementor-element-2509a9a7 elementor-section-full_width elementor-section-height-min-height elementor-section-stretched elementor-section-height-default elementor-section-items-middle" data-id="2509a9a7" data-element_type="section" data-settings="{&quot;stretch_section&quot;:&quot;section-stretched&quot;,&quot;background_background&quot;:&quot;classic&quot;}">
						<div class="elementor-container elementor-column-gap-default">
					<div class="elementor-column elementor-col-100 elementor-top-column elementor-element elementor-element-6c7c5878" data-id="6c7c5878" data-element_type="column">
			<div class="elementor-widget-wrap elementor-element-populated">
						<div class="elementor-element elementor-element-58f92925 elementor-widget elementor-widget-heading" data-id="58f92925" data-element_type="widget" data-widget_type="heading.default">
				<div class="elementor-widget-container">
			<h2 class="elementor-heading-title elementor-size-default">Especialista</h2>		</div>
				</div>
					</div>
		</div>
					</div>
		</section>
				<section class="elementor-section elementor-top-section elementor-element elementor-element-f427e4d elementor-section-boxed elementor-section-height-default elementor-section-height-default" data-id="f427e4d" data-element_type="section">
						<div class="elementor-container elementor-column-gap-default">
					<div class="elementor-column elementor-col-50 elementor-top-column elementor-element elementor-element-429071a" data-id="429071a" data-element_type="column">
			<div class="elementor-widget-wrap elementor-element-populated">
						<div class="elementor-element elementor-element-0171e26 elementor-widget elementor-widget-image" data-id="0171e26" data-element_type="widget" data-widget_type="image.default">
				<div class="elementor-widget-container">
													<img fetchpriority="high" width="315" height="315" src="https://ciplaci.com/web/wp-content/uploads/2022/09/Jorge-315x315.png" class="attachment-medilink-size315 size-medilink-size315 wp-image-5900" alt="" srcset="https://ciplaci.com/web/wp-content/uploads/2022/09/Jorge-315x315.png 315w, https://ciplaci.com/web/wp-content/uploads/2022/09/Jorge-300x300.png 300w, https://ciplaci.com/web/wp-content/uploads/2022/09/Jorge-150x150.png 150w, https://ciplaci.com/web/wp-content/uploads/2022/09/Jorge-230x230.png 230w, https://ciplaci.com/web/wp-content/uploads/2022/09/Jorge-70x70.png 70w, https://ciplaci.com/web/wp-content/uploads/2022/09/Jorge.png 600w" sizes="(max-width: 315px) 100vw, 315px" />													</div>
				</div>
				<div class="elementor-element elementor-element-6de56ab elementor-widget elementor-widget-heading" data-id="6de56ab" data-element_type="widget" data-widget_type="heading.default">
				<div class="elementor-widget-container">
			<h2 class="elementor-heading-title elementor-size-default">Dr. Jorge Amarante</h2>		</div>
				</div>
				<div class="elementor-element elementor-element-cbf7b6d elementor-widget elementor-widget-text-editor" data-id="cbf7b6d" data-element_type="widget" data-widget_type="text-editor.default">
				<div class="elementor-widget-container">
							<p style="text-align: center;"><span style="font-weight: 400; color: #000000;">Médico nutriólogo clínico</span></p>						</div>
				</div>
					</div>
		</div>
				<div class="elementor-column elementor-col-50 elementor-top-column elementor-element elementor-element-dbf7476" data-id="dbf7476" data-element_type="column">
			<div class="elementor-widget-wrap elementor-element-populated">
						<div class="elementor-element elementor-element-97950d5 elementor-widget elementor-widget-text-editor" data-id="97950d5" data-element_type="widget" data-widget_type="text-editor.default">
				<div class="elementor-widget-container">
							<p><span style="color: #000000;"><span style="font-weight: 400;">Pionero en la nutrición clínica y hospitalaria. Es catedrático de la Universidad Católica Nordestana y la UASD.</span><span style="font-weight: 400;"><br /></span><span style="font-weight: 400;"><br /></span><span style="font-weight: 400;">Cursó la sub-especialidad de Obesología y dietética. Se ha desempeñado en el área de la gerencia, ha desempeñado funciones en la administración de la salud pública y ha sido consultor de organismos internacionales en el área.</span><span style="font-weight: 400;"><br /></span><span style="font-weight: 400;"><br /></span><span style="font-weight: 400;">Es actualmente gerente del centro especializado en salud mental: SERENIDAD SRL. Actualmente es jefe del departamento de nutrición del hospital docente universitario San Vicente de Paul, en San Francisco de Macorís. Miembro del Colegio médico dominicano y de la sociedad dominicana de nutrición clínica y obesologia.</span></span></p>						</div>
				</div>
					</div>
		</div>
					</div>
		</section>
				</div>

<p>Especialista Dr. Jorge Amarante Médico nutriólogo clínico Pionero en la nutrición clínica y hospitalaria. Es catedrático de la Universidad Católica Nordestana y la UASD. Cursó la sub-especialidad de Obesología y dietética. Se ha desempeñado en el área de la gerencia, ha desempeñado funciones en la administración de la salud pública y ha sido consultor de&#8230;</p>
